17, 3457, 95717
List the prime factors of 480188800.
2, 5, 7, 13, 17, 97
What are the prime factors of 776036485?
5, 7, 17, 31, 42073
What are the prime factors of 40849773?
3, 13616591
What are the prime factors of 1232590461?
3, 61, 6735467
What are the prime factors of 409410691?
2713, 150907
List the prime factors of 36044263.
36044263
List the prime factors of 4109457123.
3, 19, 31, 181, 4283
List the prime factors of 2597631810.
2, 3, 5, 827, 104701
What are the prime factors of 350099805?
3, 5, 11, 59, 35963
What are the prime factors of 42456296?
2, 71, 74747
List the prime factors of 345859159.
67, 5162077
What are the prime factors of 36465015?
3, 5, 1021, 2381
List the prime factors of 57116081.
11, 5192371
What are the prime factors of 497697228?
2, 3, 7, 1974989
List the prime factors of 83596114.
2, 7, 5971151
List the prime factors of 19249164.
2, 3, 11, 491
List the prime factors of 29881197.
3, 79, 14009
What are the prime factors of 4054271718?
2, 3, 7, 19, 5080541
List the prime factors of 448227843.
3, 7, 443, 6883
What are the prime factors of 34233647?
7, 41, 101, 1181
List the prime factors of 2790698295.
3, 5, 7, 11, 2416189
List the prime factors of 78504501.
3, 53, 131, 3769
List the prime factors of 5173025977.
7, 1747, 423013
What are the prime factors of 633211491?
3, 11, 29, 661663
List the prime factors of 1494648264.
2, 3, 71, 257, 3413
List the prime factors of 45664759.
7, 1399, 4663
What are the prime factors of 42692056?
2, 11, 485137
List the prime factors of 41459560.
2, 5, 29, 103, 347
List the prime factors of 177923230.
2, 5, 103, 172741
What are the prime factors of 74628064?
2, 7, 333161
What are the prime factors of 1651823253?
3, 61178639
List the prime factors of 92769057.
3, 29, 73, 541
List the prime factors of 244158410.
2, 5, 101, 103, 2347
What are the prime factors of 16837943?
16837943
What are the prime factors of 493700123?
7, 19, 641, 5791
What are the prime factors of 35419299?
3, 359, 32887
List the prime factors of 1781891578.
2, 2647, 336587
What are the prime factors of 587933454?
2, 3, 19, 331, 15581
What are the prime factors of 1976830319?
19, 557, 186793
List the prime factors of 8372873.
1103, 7591
List the prime factors of 29771152.
2, 71, 73, 359
List the prime factors of 87844423.
17, 503, 10273
List the prime factors of 227902011.
3, 197, 385621
What are the prime factors of 777209706?
2, 3, 7, 13, 17, 19, 113
List the prime factors of 287225277.
3, 79, 1211921
What are the prime factors of 2933370236?
2, 2287, 320657
What are the prime factors of 955978151?
71, 13464481
What are the prime factors of 602681876?
2, 150670469
List the prime factors of 371807768.
2, 46475971
List the prime factors of 896687232.
2, 3, 7, 333589
What are the prime factors of 1825644639?
3, 7, 13, 37, 13903
List the prime factors of 96576309.
3, 10730701
What are the prime factors of 10607519?
13, 815963
What are the prime factors of 262807750?
2, 5, 491, 2141
List the prime factors of 4721671510.
2, 5, 1279, 369169
What are the prime factors of 25456002?
2, 3, 11, 13, 29669
List the prime factors of 64304504.
2, 11, 23, 31771
What are the prime factors of 336714063?
3, 7, 47, 97, 3517
List the prime factors of 255782767.
31, 1093, 7549
List the prime factors of 135806215.
5, 27161243
What are the prime factors of 420311382?
2, 3, 673, 104089
What are the prime factors of 1309960192?
2, 523, 1223
List the prime factors of 14290282.
2, 1153, 6197
What are the prime factors of 1185626?
2, 13, 31, 1471
What are the prime factors of 423330116?
2, 11, 71, 97, 127
What are the prime factors of 2625312374?
2, 277, 4738831
What are the prime factors of 956189533?
13, 1667, 44123
List the prime factors of 68285657.
11, 61, 149, 683
What are the prime factors of 26648086?
2, 13324043
What are the prime factors of 73250324?
2, 7, 353, 7411
List the prime factors of 6034527388.
2, 23, 317, 206917
List the prime factors of 355801146.
2, 3, 1667, 35573
List the prime factors of 50463806.
2, 47, 536849
List the prime factors of 1445751081.
3, 383, 419423
List the prime factors of 86274839.
7, 19, 92669
List the prime factors of 673423976.
2, 37, 149, 15269
List the prime factors of 755463380.
2, 5, 7, 770881
What are the prime factors of 1037411786?
2, 67, 7741879
What are the prime factors of 371052837?
3, 89, 463237
List the prime factors of 98214408.
2, 3, 43, 31723
What are the prime factors of 39843243?
3, 11, 36587
List the prime factors of 57758947.
57758947
List the prime factors of 3219817812.
2, 3, 43, 6239957
List the prime factors of 715140888.
2, 3, 7, 11, 59, 937
What are the prime factors of 11961479?
131, 91309
List the prime factors of 172080406.
2, 3943, 21821
List the prime factors of 1907250961.
7, 11, 17, 208147
List the prime factors of 926084.
2, 127, 1823
List the prime factors of 132244829.
73, 389, 4657
What are the prime factors of 92190236?
2, 37, 409, 1523
What are the prime factors of 344429899?
11, 23, 1361383
What are the prime factors of 1599481217?
41, 39011737
What are the prime factors of 660290773?
41, 16104653
List the prime factors of 2188609531.
353, 6200027
What are the prime factors of 801222418?
2, 269, 1489261
List the prime factors of 31139674.
2, 15569837
What are the prime factors of 2333728114?
2, 1166864057
What are the prime factors of 129848556?
2, 3, 211, 51283
What are the prime factors of 40992551?
59, 694789
What are the prime factors of 140692452?
2, 3, 11724371
What are the prime factors of 98572596?
2, 3, 17, 137, 3527
What are the prime factors of 16605986?
2, 8302993
What are the prime factors of 1290633694?
2, 7, 97, 950393
What are the prime factors of 86555823?
3, 17, 1697173
List the prime factors of 3025004292.
2, 3, 9336433
What are the prime factors of 5632647889?
11, 31, 1501639
List the prime factors of 1071338398.
2, 13, 47, 311, 2819
What are the prime factors of 2523382196?
2, 467, 1350847
What are the prime factors of 1639444180?
2, 5, 11, 7452019
List the prime factors of 54102535.
5, 3121, 3467
List the prime factors of 888633274.
2, 444316637
List the prime factors of 103377911.
7, 13, 83, 13687
List the prime factors of 431436005.
5, 7, 11, 13, 86201
List the prime factors of 65979309.
3, 11, 233, 8581
List the prime factors of 117214277.
149, 786673
List the prime factors of 440895339.
3, 839, 19463
List the prime factors of 2888893110.
2, 3, 5, 59, 1632143
What are the prime factors of 674941196?
2, 6337, 26627
List the prime factors of 214800192.
2, 3, 372917
List the prime factors of 3084176770.
2, 5, 308417677
List the prime factors of 83969680.
2, 5, 463, 2267
List the prime factors of 4165169496.
2, 3, 173548729
List the prime factors of 43777243.
149, 229, 1283
What are the prime factors of 287641701?
3, 31960189
What are the prime factors of 1442431596?
2, 3, 1459, 82387
What are the prime factors of 265309183?
43, 6169981
List the prime factors of 2057344610.
2, 5, 205734461
List the prime factors of 70938701.
467, 151903
What are the prime factors of 318475928?
2, 39809491
List the prime factors of 552675666.
2, 3, 92112611
List the prime factors of 79368707.
11, 383, 18839
List the prime factors of 347129935.
5, 107, 648841
List the prime factors of 54794536.
2, 17, 617, 653
What are the prime factors of 50063338?
2, 13, 29, 67, 991
List the prime factors of 2232465668.
2, 558116417
What are the prime factors of 39414128?
2, 13, 189491
List the prime factors of 1114156345.
5, 41, 163, 33343
List the prime factors of 4664836469.
61, 76472729
List the prime factors of 65904041.
7, 149, 179, 353
What are the prime factors of 1537868751?
3, 512622917
List the prime factors of 64237975.
5, 89, 28871
What are the prime factors of 1007400614?
2, 11, 31, 1477127
List the prime factors of 2319730701.
3, 167, 4630201
What are the prime factors of 44329924?
2, 23, 481847
List the prime factors of 3222041401.
941, 3424061
List the prime factors of 1179177181.
7, 13, 12957991
List the prime factors of 176394008.
2, 7, 29, 47, 2311
List the prime factors of 221359537.
7, 311, 101681
List the prime factors of 67583645.
5, 37, 101, 3617
What are the prime factors of 569763932?
2, 43, 3312581
What are the prime factors of 626357018?
2, 